4 = 3*s - 0*s. Let o = 35 - s. What is the units digit of o?
2
Let t(u) = -2 + 13*u + u**2 - 7*u - 2*u**2. What is the units digit of t(5)?
3
Let o(u) = u**2 - 9*u + 5. Let w be o(9). Suppose 3 = 2*p - w. Suppose -4*g - 4*a + 36 = 0, -p*g = -a + 4*a - 33. What is the units digit of g?
6
What is the tens digit of (-17)/(-4)*(-4)/(-1)?
1
What is the tens digit of (-43)/(-2)*(-12 + 14)?
4
Let c be 201/15 - 2/5. Let f = 25 - c. What is the tens digit of f?
1
Suppose w - 4 = -12. What is the tens digit of 70/1*w/(-20)?
2
Suppose -m + 7 = -3*a - 0, -4*m = -5*a. Let o = -8 + 15. Let c = o - a. What is the units digit of c?
1
Suppose -576 = -5*y + 4*u, -65 = 5*y + 2*u - 647. What is the hundreds digit of y?
1
Let n = 563 + -204. What is the tens digit of n?
5
Let c(j) be the second derivative of -2*j**5/5 - j**4/12 - j**3/3 - j**2/2 - 2*j. Suppose 0 = -2*x - 2 - 0. What is the units digit of c(x)?
8
Let n(p) = 11*p + 1. Let d(f) = 34*f + 4. Let o(a) = 3*d(a) - 10*n(a). What is the units digit of o(-2)?
8
Suppose d - 4*f + 16 = 3*d, 0 = -d + 4*f - 10. Suppose 10*b = 5*b - 4*x + 137, 0 = -d*x + 6. What is the tens digit of b?
2
Let t(n) = -n**2 + 9*n - 4. Let l = 7 + 1. Let o be t(l). Let b = o + 4. What is the units digit of b?
8
Suppose -o = 2*o. Suppose -4*f + 20 = o, 2*m = 3*m - 5*f + 25. Suppose -2*p - p + 45 = m. What is the tens digit of p?
1
Let k be (-18)/(-4) + 6/(-4). Suppose k*o + 6 = 4*o. What is the units digit of o?
6
Let q = 128 - 62. What is the tens digit of q?
6
Suppose 8 - 41 = -i. What is the units digit of i?
3
Let o = 140 + -83. Suppose -y - o = 3*r, r = -4*r + 2*y - 84. What is the units digit of (r/(-8))/(3/8)?
6
Let h = 2 - -2. Suppose 0*o - h = -2*o. What is the units digit of (3/(-3) + 2)*o?
2
Let y(b) = b - 2. Let x be y(-4). Let c(k) = 3*k**2 + 7*k + 7. Let v(f) = -f**2 - 2*f - 2. Let n(i) = -6*c(i) - 17*v(i). What is the units digit of n(x)?
4
Suppose -5*a + 65 = -5*h, -3*a + 23 = h - 12. Let f = a + 9. What is the units digit of f?
1
Let g(n) be the third derivative of n**6/120 + 7*n**5/60 + n**4/6 - 7*n**3/6 + n**2. Let j be g(-6). Let i(w) = -w + 11. What is the units digit of i(j)?
6
Let u be ((-36)/16)/(2/16). What is the units digit of (u/15)/((-6)/40)?
8
Let x be 3/(-4) - 6/(-8). Suppose -n + 3 + 0 = x. Suppose m + n*s = -s, -s = -4*m + 17. What is the units digit of m?
4
Let s(d) = 2*d**2 - 5*d - 4. Let t(w) = -4*w + 3*w**2 + 4*w - 6*w - 4 + w**3. Let k be t(-4). What is the units digit of s(k)?
8
Let f be 45*1*(-6)/(-15). Suppose l - t = 4*l - f, -2*l + 5*t + 12 = 0. What is the tens digit of 65/3 - l/9?
2
Let c(d) = -d**3 + 8*d**2 - 6*d + 11. What is the tens digit of c(7)?
1
Let c be 2/4*(-18)/(-3). Suppose -s = c*s - 60. What is the tens digit of s?
1
Let i be 2/(-7) + 60/14. Suppose 4*b = i + 12. Suppose -5*w + 5*m = -55, -b*w = 3*m - 42 - 2. What is the tens digit of w?
1
Let u(n) be the second derivative of n**3 - n**2/2 - n. What is the tens digit of u(7)?
4
Suppose -232 - 98 = -5*h. What is the units digit of h?
6
Suppose 2*f + 7 = 3*z, 4*z + 4*f - 13 - 3 = 0. Let w be ((-6)/(-9))/(1/z). Suppose 1 - 4 = -p + 2*u, 2*u = -w. What is the units digit of p?
1
Let w = -13 + 8. Let q(u) be the second derivative of u**4/6 + u**3 - 7*u**2/2 - u. What is the tens digit of q(w)?
1
Let j(l) = -3*l + 9. What is the tens digit of j(-6)?
2
Let z = 54 - 26. What is the tens digit of z?
2
Suppose 2*n - 24 = -2*n. Let x = n - 5. What is the units digit of x?
1
Let o = -47 + 69. What is the units digit of o?
2
Let d be (-54 + -3)*1*-1. Suppose -2 = 5*t - d. What is the units digit of t?
1
Let s be (2/(-5))/(3/(-165)). Suppose -s = k + 4*x, -9*k + 4*x - 14 = -4*k. What is the tens digit of (10/k)/(2/(-12))?
1
Suppose -r = k + r + 2, 0 = -3*k + 4*r + 24. Let c be (2 + 0)*10/k. Suppose -7 - 48 = -c*f. What is the tens digit of f?
1
Let a be 8/(-6)*(-3)/1. Suppose a = -2*r - 2, -l = 3*r - 39. What is the units digit of l?
8
Suppose -22 = 5*a - 2. Let m be 2/a + 1/2. Suppose 3*i = -m*i + 45. What is the units digit of i?
5
Let i(h) = 2*h**2 + 3*h - 3. What is the tens digit of i(-6)?
5
Suppose u = 5*u - 12. Suppose u*b - 7*b = 0. Suppose w + b*w = 3. What is the units digit of w?
3
Suppose 3*v = -16 - 8. Let i(h) be the third derivative of -h**4/24 - 7*h**3/6 - h**2. What is the units digit of i(v)?
1
Let z = 119 + -83. What is the units digit of z?
6
Let v(t) = 2*t + 1. Let l = -2 - -7. What is the tens digit of v(l)?
1
Let n = 5 + -2. Suppose 5*v + 3*c = 25, 8 = 2*v + 3*c - 2. Suppose -s + 14 = n*x - 9, s + 17 = v*x. What is the units digit of s?
8
Suppose 4*y - 143 - 361 = 0. What is the units digit of y?
6
Let m = -4 + 20. Let v = 22 - m. What is the units digit of v?
6
Suppose o - 18 = -0. Suppose 3*h = 6, 4*g = 4*h - 5*h + o. Suppose 0 = g*p + p - 40. What is the units digit of p?
8
Let d(s) = s + 13. Suppose -4*m = -3*m + 4. Let c be (-35)/4 - (-1)/m. What is the units digit of d(c)?
4
Let f(j) = -j**3 + 5*j**2 + 8*j - 5. Let d be f(6). What is the units digit of (-1 + -1 - -8)*d?
2
Suppose -5*a + 4*l = -781, 5*a - 627 = a + l. What is the tens digit of a?
5
Let u = 3 - -6. Let g = u - -3. What is the units digit of g?
2
Suppose 0 = -3*l + 2*p + 14, 2*p + 30 = 5*l - 3*p. Suppose -t + l = -3. Suppose -5*y = -10*y + t. What is the units digit of y?
1
Suppose 4*u = 3 + 1. Let r = u + 4. What is the units digit of r?
5
Let l(i) = 15*i - 27. What is the tens digit of l(6)?
6
Let m(b) be the first derivative of -1 + 0*b**2 + 0*b + 7/3*b**3. What is the units digit of m(-1)?
7
Suppose -89 = 3*t + 67. What is the tens digit of (2 + -4)*t/8?
1
What is the units digit of 1 - (-2 + (-2 - -3))?
2
Let f = 167 - -40. What is the tens digit of f?
0
Let y(f) = f**3 + 13*f**2 + 8*f + 16. Let p be y(-12). Let h = p - 30. What is the tens digit of h?
3
Let x(j) = -j**3 - 6*j**2 + j + 1. Let d be x(-3). Let t(p) = -39*p**3 - p. Let s be t(-1). Let l = d + s. What is the tens digit of l?
1
Let n = -1 + -2. Let j be (n - -3)/(2*1). Suppose 0*q + 5*q - 20 = j. What is the units digit of q?
4
Let q = -7 + 14. Let s = 7 + q. What is the tens digit of s?
1
Let v = -8 + 12. Suppose 2*o - 6 = t, v*o - 4*t = 5*o - 12. Suppose 1 + 2 = 5*n - 3*f, -f + 16 = o*n. What is the units digit of n?
3
Suppose 5*g = -u + 17, -5*g - 91 = -4*u - 2*g. What is the units digit of u?
2
Let p = -8 + 13. Let v(w) = w + 7. What is the units digit of v(p)?
2
Let q = 224 + -124. What is the units digit of q?
0
Let i be (-4)/(-6)*(-3 + 9). Suppose -5*f + 14 = t - 4*t, 3*t = i*f - 13. Suppose -2*u = -5 + f. What is the units digit of u?
2
Let h(v) = 13*v**2 - 2*v - 4. What is the tens digit of h(-2)?
5
What is the tens digit of (-530)/(-15)*(-12)/(-8)?
5
Let m = 31 - -1. Let q = -11 + m. Let a = -14 + q. What is the units digit of a?
7
Suppose -3*m + z = -430, -m + 3*z + 0*z + 130 = 0. What is the hundreds digit of m?
1
Let w(z) = z**2 - 4*z + 2. Let g be w(4). Suppose -s + 22 = 3*i, 16 = -g*i + 4*i + 2*s. Let l(f) = f. What is the units digit of l(i)?
7
Suppose 5*i + 0*i - 35 = 0. Suppose m = -0 + i. What is the units digit of m?
7
Suppose 0 = 2*a - a - 21. Suppose 3*m - 2*m - 15 = 0. Let b = a - m. What is the units digit of b?
6
Suppose 10*i - 305 = 1035. What is the units digit of i?
4
Suppose 6*f = 2*f + 4. Let j = -3 + 6. Suppose j*t - f = 2. What is the units digit of t?
1
Let w = 20 - 5. Suppose 2*z + 12 = q, 3*z - 19 = 6*z - q. Let v = z + w. What is the units digit of v?
8
Suppose -3*q - 3*g + 201 - 960 = 0, 4*q + 976 = 5*g. Let p be 2/(-5) - q/(-15). Let d = 32 + p. What is the tens digit of d?
1
Let c(x) = x**2 - 10*x - 5. Let l(j) = -j**2 + 11*j + 5. Let k(d) = -5*c(d) - 4*l(d). What is the tens digit of k(5)?
1
Suppose -2*o - 4 = 3*a - 40, -2*o = -5*a + 60. Suppose -2*p - p - a = -w, -4*p - 20 = -2*w. What is the units digit of w?
6
Let l(a) = 21*a**2 - 3*a + 5. What is the units digit of l(2)?
3
Let o be 1 + -2 + 23 + -2. Let y(b) = -2*b + 3. Let x be y(-5). Let p = o - x. What is the units digit of p?
7
Let j be ((-8)/(-14))/((-20)/(-70)). Suppose -24 = -4*p - j*p. What is the units digit of p?
4
Let i(x) = -x**3 - 7*x**2 - 6*x + 3. Let h be i(-6). Suppose 8 = h*z + 20. Let n = 6 + z. What is the units digit of n?
2
Suppose -y - 11 = 4*a, -2*y = -0*y - 3*